{"id":3560,"date":"2018-07-13T13:54:57","date_gmt":"2018-07-13T13:54:57","guid":{"rendered":"http:\/\/www.bancoalimentostfe.org\/wordpress%202\/?page_id=3560"},"modified":"2021-07-28T22:35:12","modified_gmt":"2021-07-28T22:35:12","slug":"nosotros","status":"publish","type":"page","link":"https:\/\/www.bancoalimentostfe.org\/nueva\/nosotros\/","title":{"rendered":"Nosotros"},"content":{"rendered":"<div>\n<div>\n<h3><strong>La Asociaci\u00f3n BANCOTEIDE<\/strong><\/h3>\n<div>\n<div align=\"center\">\n<p style=\"text-align: justify;\">La\u00a0 Asociaci\u00f3n Banco de Alimentos de Tenerife \u2013 BANCOTEIDE es una asociaci\u00f3n no gubernamental sin \u00e1nimo de lucro y declarada de Utilidad P\u00fablica en 2012, constituida al amparo del art\u00edculo 22 de la Constituci\u00f3n Espa\u00f1ola y que se rige por la Ley Org\u00e1nica 1\/2002 de 22 de marzo, reguladora del Derecho de Asociaci\u00f3n, y por la Ley 4\/2003 de 28 de febrero, de Asociaciones del Gobierno de Canarias, y dem\u00e1s disposiciones complementarias as\u00ed como sus propios estatutos.<\/p>\n<p style=\"text-align: justify;\">La Asociaci\u00f3n Banco de Alimentos de Tenerife se funda en el a\u00f1o 2006, y forma parte de la Federaci\u00f3n Espa\u00f1ola de Banco de Alimentos (FESBAL), junto a otros 55 Bancos de Alimentos de nuestro pa\u00eds. Esta Federaci\u00f3n coordina nuestras actividades, facilitando las relaciones con lo diferentes organismos de las Administraciones P\u00fablicas, as\u00ed como potenciando y fomentando las relaciones con las diferentes empresas e instituciones privadas cuyas aportaciones se nutren los Bancos de Alimentos, ya sea por las entregas de excedentes de producci\u00f3n, ya sea por sus donativos. Igualmente, la FESBAL nos proporciona asesoramiento jur\u00eddico y administrativo<\/p>\n<p><img loading=\"lazy\" decoding=\"async\" class=\"alignleft wp-image-4107 size-medium\" src=\"https:\/\/www.bancoalimentostfe.org\/nueva\/wp-content\/uploads\/2021\/05\/TrabajoBA1-300x200.jpg\" alt=\"\" width=\"300\" height=\"200\" srcset=\"https:\/\/www.bancoalimentostfe.org\/nueva\/wp-content\/uploads\/2021\/05\/TrabajoBA1-300x200.jpg 300w, https:\/\/www.bancoalimentostfe.org\/nueva\/wp-content\/uploads\/2021\/05\/TrabajoBA1-768x512.jpg 768w, https:\/\/www.bancoalimentostfe.org\/nueva\/wp-content\/uploads\/2021\/05\/TrabajoBA1-1024x683.jpg 1024w, https:\/\/www.bancoalimentostfe.org\/nueva\/wp-content\/uploads\/2021\/05\/TrabajoBA1-600x400.jpg 600w, https:\/\/www.bancoalimentostfe.org\/nueva\/wp-content\/uploads\/2021\/05\/TrabajoBA1.jpg 1620w\" sizes=\"auto, (max-width: 300px) 100vw, 300px\" \/><\/p>\n<\/div>\n<\/div>\n<\/div>\n<\/div>\n<div>\n<p>&nbsp;<\/p>\n<p>&nbsp;<\/p>\n<p>&nbsp;<\/p>\n<p>&nbsp;<\/p>\n<p>&nbsp;<\/p>\n<p><strong>MISI\u00d3N<\/strong><br \/>\nNuestra misi\u00f3n es concienciar a la Sociedad Espa\u00f1ola de las diversas situaciones generadas por las carencias, el paro y las dificultades econ\u00f3micas, gestionando y aprovechando los excedentes alimentarios de las redes productivas o de distribuci\u00f3n, para hacerlos llegar a las personas desfavorecidas a trav\u00e9s de las diferentes asociaciones y entidades, con el apoyo de las servicios sociales municipales y locales.<\/p>\n<p><strong>VISI\u00d3N<\/strong><br \/>\nLa Visi\u00f3n de los Banco de Alimentos y, concretamente, del Banco de Alimentos de Tenerife, es convertirnos en veh\u00edculo de transmisi\u00f3n y relaci\u00f3n entre los sectores productivos que generan y aportan sus excedentes y los sectores \u201cdesfavorecidos\u201d, a quien va destinado estos alimentos para cubrir en la medida de lo posible sus necesidades vitales.<br \/>\nEsta Visi\u00f3n s\u00f3lo es posible a trav\u00e9s de la labor del Voluntariado, sin cuya dedicaci\u00f3n, tiempo y energ\u00eda resultar\u00eda imposible llevar a cabo esta ingente labor. Queremos ser elemento de referencia y testimonio que s\u00f3lo sumando fuerzas podemos hacer mejor esta sociedad, activando la labor del voluntariado y potenciando m\u00e1s y mejor nuestra forma de hacer \u201cciudadan\u00eda\u201d, para una sociedad m\u00e1s justa.<\/p>\n<p><strong>VALORES<\/strong><br \/>\nEl Banco de Alimentos de Tenerife asume una serie de Valores que van aparejados al motivo principal de nuestra actividad, que son la mentalizaci\u00f3n de la sociedad contra el despilfarro de alimentos y la solidaridad con los desfavorecidos, pues son las personas que nos necesitan nuestra raz\u00f3n de ser.<\/p>\n<p style=\"text-align: justify;\"><strong>Voluntariado.<\/strong>&#8211; El valor fundamental que rige la labor que se lleva a cabo en el Banco de Alimentos de Tenerife es el Voluntariado, y nuestra mayor riqueza, sin cuya energ\u00eda y generosidad, ser\u00eda imposible llevar a cabo las diferentes tareas que requiere la gesti\u00f3n. El conjunto de los voluntarios del Banco de alimentos formamos un equipo, y estamos comprometidos con la satisfacci\u00f3n de ese equipo, proporcionando el ambiente m\u00e1s motivador, incentivando la comunicaci\u00f3n interna y la formaci\u00f3n que se requiere para el desenvolvimiento de las diferentes actividades.<\/p>\n<p style=\"text-align: justify;\">Tambi\u00e9n es imprescindible la colaboraci\u00f3n de los voluntarios de las Asociaciones Beneficiarias, sin cuya ayuda en tareas como las grandes operaciones de recogida de alimentos que se realizan anualmente en toda Europa en el mes de noviembre, y su posterior clasificaci\u00f3n en nuestras naves, ser\u00eda imposible llevar a cabo tales retos. Con ellos, especialmente, potenciamos la comunicaci\u00f3n activa, din\u00e1mica y motivadora.<\/p>\n<p><strong>Gratuidad.-<\/strong> Garantizar la gratuidad tanto en la recepci\u00f3n como en la entrega de los alimentos a las personas desfavorecidas.<br \/>\nSolidaridad.- La entrega de alimentos se rige por el principio fundamental de la solidaridad, por lo tanto garantizamos la neutralidad absoluta y la distribuci\u00f3n justa.<br \/>\n<strong>Profesionalidad.<\/strong>&#8211; Los Bancos de Alimentos no somos empresas de distribuci\u00f3n, pero hacemos una gesti\u00f3n de nuestros recursos con la misma profesionalidad y eficacia, tanto en la Log\u00edstica, como en el control<br \/>\ndocumental y contable.<\/p>\n<p><strong>Transparencia.<\/strong>&#8211; En este sentido nos acogemos a la Ley 19\/2013, de 9 de diciembre, de transparencia, acceso a la informaci\u00f3n p\u00fablica y buen gobierno, haciendo p\u00fablico y visible el conjunto de nuestra gesti\u00f3n.<\/p>\n<\/div>\n","protected":false},"excerpt":{"rendered":"<p>La Asociaci\u00f3n BANCOTEIDE La\u00a0 Asociaci\u00f3n Banco de Alimentos de Tenerife \u2013 BANCOTEIDE es una asociaci\u00f3n no gubernamental sin \u00e1nimo de lucro y declarada de Utilidad P\u00fablica en 2012, constituida al amparo del art\u00edculo 22 de la Constituci\u00f3n Espa\u00f1ola y que se rige por la Ley Org\u00e1nica 1\/2002 de 22 de marzo, reguladora del Derecho de Asociaci\u00f3n, y por la Ley 4\/2003 de 28 de febrero, de Asociaciones del Gobierno de Canarias, y dem\u00e1s disposiciones complementarias as\u00ed como sus propios estatutos.&hellip;<\/p>\n","protected":false},"author":1,"featured_media":0,"parent":0,"menu_order":0,"comment_status":"closed","ping_status":"closed","template":"","meta":{"footnotes":""},"class_list":["post-3560","page","type-page","status-publish","hentry"],"_links":{"self":[{"href":"https:\/\/www.bancoalimentostfe.org\/nueva\/wp-json\/wp\/v2\/pages\/3560","targetHints":{"allow":["GET"]}}],"collection":[{"href":"https:\/\/www.bancoalimentostfe.org\/nueva\/wp-json\/wp\/v2\/pages"}],"about":[{"href":"https:\/\/www.bancoalimentostfe.org\/nueva\/wp-json\/wp\/v2\/types\/page"}],"author":[{"embeddable":true,"href":"https:\/\/www.bancoalimentostfe.org\/nueva\/wp-json\/wp\/v2\/users\/1"}],"replies":[{"embeddable":true,"href":"https:\/\/www.bancoalimentostfe.org\/nueva\/wp-json\/wp\/v2\/comments?post=3560"}],"version-history":[{"count":15,"href":"https:\/\/www.bancoalimentostfe.org\/nueva\/wp-json\/wp\/v2\/pages\/3560\/revisions"}],"predecessor-version":[{"id":4276,"href":"https:\/\/www.bancoalimentostfe.org\/nueva\/wp-json\/wp\/v2\/pages\/3560\/revisions\/4276"}],"wp:attachment":[{"href":"https:\/\/www.bancoalimentostfe.org\/nueva\/wp-json\/wp\/v2\/media?parent=3560"}],"curies":[{"name":"wp","href":"https:\/\/api.w.org\/{rel}","templated":true}]}}