{"id":3779,"date":"2018-11-19T13:49:23","date_gmt":"2018-11-19T13:49:23","guid":{"rendered":"https:\/\/www.bancoalimentostfe.org\/nueva\/?page_id=3779"},"modified":"2018-11-19T13:56:13","modified_gmt":"2018-11-19T13:56:13","slug":"politica-de-privacidad","status":"publish","type":"page","link":"https:\/\/www.bancoalimentostfe.org\/nueva\/politica-de-privacidad\/","title":{"rendered":"Pol\u00edtica de privacidad"},"content":{"rendered":"<ol>\n<li><strong><u>INFORMACI\u00d3N CORPORATIVA<\/u><\/strong><\/li>\n<\/ol>\n<p>En cumplimiento de la Ley 34\/2002, de 11 de julio, de servicios de la sociedad de la informaci\u00f3n y de comercio electr\u00f3nico,\u00a0<strong>ASOCIACION BANCO DE ALIMENTOS DE TENERIFE\u00a0<\/strong>le informa que es titular de los sitios web:\u00a0<strong>www.bancoalimentostfe.org\u00a0<\/strong>de acuerdo con la exigencia del art\u00edculo 10 de la mencionada Ley,\u00a0<strong>ASOCIACION BANCO DE ALIMENTOS DE TENERIFE,\u00a0<\/strong>notifica los siguientes datos: el titular de esta p\u00e1gina web es\u00a0<strong>ASOCIACION BANCO DE ALIMENTOS DE TENERIFE<\/strong>\u00a0con NIF\/CIF:\u00a0<strong>G38853784.\u00a0<\/strong>\u00a0 y domicilio social:\u00a0<strong>MERCATENERIFE, POL. IND. EL MAYORAZGO, SECTOR D, NAVE 5<\/strong>\u00a0C\u00f3digo Postal:\u00a0<strong>38110<\/strong>. Localidad:\u00a0<strong>SANTA CRUZ DE TENERIFE<\/strong>. Provincia:\u00a0<strong>SANTA CRUZ DE TENERIFE<\/strong>. La direcci\u00f3n de correo electr\u00f3nico de contacto con la empresa es:\u00a0<strong><u>info@bancoalimentostfe.org<\/u><\/strong><\/p>\n<ol start=\"2\">\n<li><strong><u>USUARIO Y R\u00c9GIMEN DE RESPONSABILIDADES<\/u><\/strong><\/li>\n<\/ol>\n<p>La navegaci\u00f3n por, acceso y uso de los sitios web de\u00a0<strong>ASOCIACION BANCO DE ALIMENTOS DE TENERIFE\u00a0<\/strong>otorga la condici\u00f3n de usuario, por la que se aceptan, al navegar por la p\u00e1gina de\u00a0<strong>ASOCIACION BANCO DE ALIMENTOS DE TENERIFE<\/strong>, todas las condiciones de uso que se establecen aqu\u00ed sin perjudicar la aplicaci\u00f3n de la correspondiente normativa de obligado cumplimiento legal seg\u00fan el caso.<\/p>\n<p>La p\u00e1gina web de\u00a0<strong>ASOCIACION BANCO DE ALIMENTOS DE TENERIFE\u00a0<\/strong>proporciona gran diversidad de informaci\u00f3n, servicios y datos. El usuario asume su responsabilidad en el uso correcto de los sitios web. Esta responsabilidad se extender\u00e1 a: La veracidad y licitud de las informaciones aportadas por el usuario en los formularios emitidos por\u00a0<strong>ASOCIACION BANCO DE ALIMENTOS DE TENERIFE\u00a0<\/strong>para acceder a determinados contenidos o servicios ofrecidos por la web.<\/p>\n<p>El uso de la informaci\u00f3n, servicios y datos ofrecidos por\u00a0<strong>ASOCIACION BANCO DE ALIMENTOS DE TENERIFE\u00a0<\/strong>contra las disposiciones de estas condiciones, la Ley, la moral, las buenas costumbres o el orden p\u00fablico o que, en otro caso, puedan suponer lesi\u00f3n de los derechos de terceros o del funcionamiento de los sitios web. A tal efecto, el Usuario se abstendr\u00e1 de utilizar cualquiera de los contenidos con fines o efectos il\u00edcitos, prohibidos en este texto, lesivos de los derechos e intereses de terceros, o que de cualquier forma puedan da\u00f1ar, inutilizar, sobrecargar, deteriorar o impedir la normal utilizaci\u00f3n de los contenidos, otros Usuarios o de cualquier usuario de Internet (hardware y software).<\/p>\n<p>Los usuarios responder\u00e1n de los da\u00f1os y perjuicios de toda naturaleza que la empresa propietaria de la web pueda sufrir, directa o indirectamente, como consecuencia de incumplimiento de cualquiera de las obligaciones derivadas del uso de la Web y de esta pol\u00edtica de privacidad.<\/p>\n<p>En particular, ya t\u00edtulo meramente indicativo y no exhaustivo, el Usuario se compromete a no transmitir, difundir o poner a disposici\u00f3n de terceros informaciones, datos, contenidos, mensajes, gr\u00e1ficos, dibujos, archivos de sonido y\/o imagen, fotograf\u00edas de la web.<\/p>\n<p><strong>POL\u00cdTICA DE PRIVACIDAD<\/strong><\/p>\n<p><strong><u>A INTRODUCIR EN P\u00c1GINA WEB DE LA ENTIDAD<\/u><\/strong><\/p>\n<ol>\n<li><strong><u>POL\u00cdTICA DE ENLACES Y EXENCIONES DE RESPONSABILIDAD<\/u><\/strong><\/li>\n<\/ol>\n<p><strong>ASOCIACION BANCO DE ALIMENTOS DE TENERIFE\u00a0<\/strong>no se hace responsable del contenido de las p\u00e1ginas web a las que pueda acceder el usuario a trav\u00e9s de los enlaces establecidos en sus sitios web y declara que en ning\u00fan caso examinar\u00e1 ni ejercitar\u00e1 ning\u00fan tipo de control sobre el contenido de otras p\u00e1ginas de la red.<\/p>\n<p>Asimismo, tampoco garantiza la disponibilidad t\u00e9cnica, exactitud, veracidad, validez o legalidad de p\u00e1ginas ajenas a su propiedad a las que se pueda acceder a trav\u00e9s de los enlaces.<\/p>\n<p><strong>ASOCIACION BANCO DE ALIMENTOS DE TENERIFE\u00a0<\/strong>declara que ha adoptado todas las medidas necesarias para evitar cualquier da\u00f1o que pueda derivarse de la navegaci\u00f3n por sus p\u00e1ginas web. En consecuencia,<strong>\u00a0ASOCIACION BANCO DE ALIMENTOS DE TENERIFE\u00a0<\/strong>no se hace responsable, en ning\u00fan caso, de los eventuales da\u00f1os que pueda sufrir el usuario a causa de la navegaci\u00f3n por Internet.<\/p>\n<p><strong>ASOCIACION BANCO DE ALIMENTOS DE TENERIFE\u00a0<\/strong>no se responsabiliza de los da\u00f1os o perjuicios de cualquier tipo producidos en el Usuario que traigan causa de fallos o desconexiones en las redes de telecomunicaciones que produzcan la suspensi\u00f3n, cancelaci\u00f3n, instalaci\u00f3n o interrupci\u00f3n del servicio de la web durante la prestaci\u00f3n del mismo o con car\u00e1cter previo.<\/p>\n<p>El acceso a la web:\u00a0<strong>www.bancoalimentostfe.org\u00a0<\/strong>no implica la obligaci\u00f3n por parte de la empresa de controlar la ausencia de virus o cualquier otro elemento inform\u00e1tico da\u00f1ino. Corresponde al Usuario, en todo caso, la disponibilidad de herramientas adecuadas para la detecci\u00f3n y desinfecci\u00f3n de programas inform\u00e1ticos da\u00f1inos.<\/p>\n<p><strong>ASOCIACION BANCO DE ALIMENTOS DE TENERIFE\u00a0<\/strong>no se responsabiliza de los da\u00f1os producidos en los equipos inform\u00e1ticos, documentos y\/o ficheros de los Usuarios o de terceros durante la prestaci\u00f3n del servicio en el Portal.<\/p>\n<ol start=\"2\">\n<li><strong><u>PUBLICIDAD<\/u><\/strong><\/li>\n<\/ol>\n<p>La web:\u00a0<strong>www.bancoalimentostfe.org\u00a0<\/strong>podr\u00e1 alojar contenidos publicitarios o patrocinados. Los anunciantes o patrocinadores son los \u00fanicos responsables de asegurarse que el material remitido para su inclusi\u00f3n en la web cumple con las leyes que en cada caso puedan ser de aplicaci\u00f3n.<\/p>\n<p><strong>ASOCIACION BANCO DE ALIMENTOS DE TENERIFE\u00a0<\/strong>no ser\u00e1 responsable de cualquier error, inexactitud o irregularidad que puedan contener los contenidos publicitarios o de los patrocinadores.<\/p>\n<ol start=\"3\">\n<li><strong><u>MODIFICACIONES<\/u><\/strong><\/li>\n<\/ol>\n<p><strong>ASOCIACION BANCO DE ALIMENTOS DE TENERIFE\u00a0<\/strong>se reserva el derecho a realizar las modificaciones que considere oportunas, sin aviso previo, en el contenido de sus sitios web, tanto en cuanto a los contenidos de los sitios web como por sus condiciones de uso o por las condiciones generales de contrataci\u00f3n. Dichas modificaciones podr\u00e1n realizarse, a trav\u00e9s de sus sitios web, de cualquier forma admisible en derecho y ser\u00e1n de obligado cumplimiento durante el tiempo que est\u00e9n publicadas en la web y hasta que no sean modificadas por otras posteriores.<\/p>\n<ol start=\"4\">\n<li><strong><u>RESERVA DE COOKIES<\/u><\/strong><\/li>\n<\/ol>\n<p><strong>ASOCIACION BANCO DE ALIMENTOS DE TENERIFE\u00a0<\/strong>se reserva el derecho de utilizar cookies en la navegaci\u00f3n del usuario por sus sitios web para facilitar la personalizaci\u00f3n y comodidad de la navegaci\u00f3n. Siguiendo la pol\u00edtica de protecci\u00f3n de datos de la empresa,<strong>\u00a0ASOCIACION BANCO DE ALIMENTOS DE TENERIFE\u00a0<\/strong>informa que las cookies se asocian al usuario an\u00f3nimo ya su ordenador y no proporcionan por s\u00ed mismas ni el nombre ni los apellidos del usuario.<\/p>\n<p>El usuario tiene la posibilidad de configurar su navegador de manera que sea informado de la recepci\u00f3n de cookies, pudiendo, si as\u00ed lo desea, impedir que se\u00a0 instalen en su disco duro. Sin embargo, para acceder a los sitios web de<strong>\u00a0ASOCIACION BANCO DE ALIMENTOS DE TENERIFE\u00a0<\/strong>no es preceptiva la instalaci\u00f3n de cookies.<\/p>\n<p>El usuario se compromete a abstenerse de reproducir, copiar, distribuir, poner a disposici\u00f3n o de cualquier otra forma comunicar p\u00fablicamente, transformar o modificar los Contenidos, a menos que se cuente con la autorizaci\u00f3n del titular de los correspondientes derechos o ello resulte legalmente permitido.<\/p>\n<ol start=\"5\">\n<li><strong><u>PROTECCI\u00d3N DE DATOS PERSONAL<\/u><\/strong><\/li>\n<\/ol>\n<p>De conformidad con lo establecido en la Ley Org\u00e1nica 15\/1999 de Protecci\u00f3n de Datos de Car\u00e1cter Personal,<strong>\u00a0ASOCIACION BANCO DE ALIMENTOS DE TENERIFE\u00a0<\/strong>informa a los usuarios de sus websites de que los datos personales recabados por la empresa mediante los formularios sitos en sus p\u00e1ginas, ser\u00e1n introducidos en un fichero automatizado bajo la responsabilidad de<strong>\u00a0ASOCIACION BANCO DE ALIMENTOS DE TENERIFE\u00a0<\/strong>con la finalidad de poder facilitar, agilizar y cumplir los compromisos establecidos entre ambas partes. Asimismo,\u00a0<strong>ASOCIACION BANCO DE ALIMENTOS DE TENERIFE\u00a0<\/strong>informa de la posibilidad de ejercer los derechos de acceso, cancelaci\u00f3n, rectificaci\u00f3n y oposici\u00f3n mediante un escrito a la direcci\u00f3n:\u00a0<strong>MERCATENERIFE, POL. IND. EL MAYORAZGO, SECTOR D, NAVE 5<\/strong>\u00a0C\u00f3digo Postal:\u00a0<strong>38110<\/strong>Localidad:\u00a0<strong>SANTA CRUZ DE TENERIFE<\/strong>. Provincia:\u00a0<strong>SANTA CRUZ DE TENERIFE<\/strong><strong>, \u200b\u200b<\/strong>aportando fotocopia del DNI o documentaci\u00f3n alternativa que acredite su identidad.<\/p>\n<p>Mientras no nos comunique lo contrario, entenderemos que sus datos no han sido modificados, que usted se compromete a notificarnos cualquier variaci\u00f3n y que tenemos el consentimiento para utilizarlos a fin de poder fidelizar la relaci\u00f3n entre las partes.<\/p>\n<p>De acuerdo con lo establecido en la Ley 34\/2002, de Servicios de la Sociedad de la Informaci\u00f3n y el Comercio Electr\u00f3nico en su art\u00edculo 21, pedimos su consentimiento para poder realizar comunicaciones publicitarias que consideremos puedan ser de su inter\u00e9s, por correo electr\u00f3nico o por cualquier otro medio de comunicaci\u00f3n electr\u00f3nica equivalente.<\/p>\n<ol start=\"6\">\n<li><strong><u>PROPIEDAD INTELECTUAL<\/u><\/strong><\/li>\n<\/ol>\n<p>Los derechos de propiedad intelectual e industrial derivados de todos los textos, im\u00e1genes, as\u00ed como de los medios y formas de presentaci\u00f3n y montaje de sus p\u00e1ginas pertenecen, por s\u00ed mismos o como cesionaria, a<strong>\u00a0ASOCIACION BANCO DE ALIMENTOS DE TENERIFE\u00a0<\/strong>Ser\u00e1n, por tanto, obras protegidas con propiedad intelectual por el ordenamiento jur\u00eddico espa\u00f1ol y se les podr\u00e1 aplicar tanto la normativa espa\u00f1ola y comunitaria en este campo, como los tratados internacionales relativos a la materia y suscritos por Espa\u00f1a.<\/p>\n<p>Todos los derechos reservados. En cumplimiento de la Ley de la Propiedad Intelectual se proh\u00edbe expresamente la reproducci\u00f3n, distribuci\u00f3n, comunicaci\u00f3n p\u00fablica y utilizaci\u00f3n de la totalidad o parte de los contenidos de sus p\u00e1ginas web sin el consentimiento expl\u00edcito de<strong>ASOCIACION BANCO DE ALIMENTOS DE TENERIFE<\/strong><\/p>\n<p>Asimismo,<strong>\u00a0ASOCIACION BANCO DE ALIMENTOS DE TENERIFE\u00a0<\/strong>se reserva la facultad de presentar las acciones civiles o penales que considere oportunas por la utilizaci\u00f3n indebida de sus p\u00e1ginas web y contenidos o por el incumplimiento de estas condiciones.<\/p>\n<ol start=\"7\">\n<li><strong><u>ACCIONES LEGAL, LEGISLACI\u00d3N APLICABLE Y JURISDICCI\u00d3N<\/u><\/strong><\/li>\n<\/ol>\n<p>La relaci\u00f3n entre el usuario y<strong>\u00a0ASOCIACION BANCO DE ALIMENTOS DE TENERIFE\u00a0<\/strong>se regir\u00e1 por la normativa espa\u00f1ola vigente y ser\u00e1n competentes para decidir sobre cualquier controversia que pueda surgir entre el usuario y<strong>\u00a0ASOCIACION BANCO DE ALIMENTOS DE TENERIFE,\u00a0<\/strong>los juzgados o tribunales de la localidad de\u00a0<strong>SANTA CRUZ DE TENERIFE<\/strong><strong>.<\/strong><\/p>\n","protected":false},"excerpt":{"rendered":"<p>INFORMACI\u00d3N CORPORATIVA En cumplimiento de la Ley 34\/2002, de 11 de julio, de servicios de la sociedad de la informaci\u00f3n y de comercio electr\u00f3nico,\u00a0ASOCIACION BANCO DE ALIMENTOS DE TENERIFE\u00a0le informa que es titular de los sitios web:\u00a0www.bancoalimentostfe.org\u00a0de acuerdo con la exigencia del art\u00edculo 10 de la mencionada Ley,\u00a0ASOCIACION BANCO DE ALIMENTOS DE TENERIFE,\u00a0notifica los siguientes datos: el titular de esta p\u00e1gina web es\u00a0ASOCIACION BANCO DE ALIMENTOS DE TENERIFE\u00a0con NIF\/CIF:\u00a0G38853784.\u00a0\u00a0 y domicilio social:\u00a0MERCATENERIFE, POL. IND. EL MAYORAZGO, SECTOR D, NAVE 5\u00a0C\u00f3digo&hellip;<\/p>\n","protected":false},"author":1,"featured_media":0,"parent":0,"menu_order":0,"comment_status":"closed","ping_status":"closed","template":"","meta":{"footnotes":""},"class_list":["post-3779","page","type-page","status-publish","hentry"],"_links":{"self":[{"href":"https:\/\/www.bancoalimentostfe.org\/nueva\/wp-json\/wp\/v2\/pages\/3779","targetHints":{"allow":["GET"]}}],"collection":[{"href":"https:\/\/www.bancoalimentostfe.org\/nueva\/wp-json\/wp\/v2\/pages"}],"about":[{"href":"https:\/\/www.bancoalimentostfe.org\/nueva\/wp-json\/wp\/v2\/types\/page"}],"author":[{"embeddable":true,"href":"https:\/\/www.bancoalimentostfe.org\/nueva\/wp-json\/wp\/v2\/users\/1"}],"replies":[{"embeddable":true,"href":"https:\/\/www.bancoalimentostfe.org\/nueva\/wp-json\/wp\/v2\/comments?post=3779"}],"version-history":[{"count":1,"href":"https:\/\/www.bancoalimentostfe.org\/nueva\/wp-json\/wp\/v2\/pages\/3779\/revisions"}],"predecessor-version":[{"id":3780,"href":"https:\/\/www.bancoalimentostfe.org\/nueva\/wp-json\/wp\/v2\/pages\/3779\/revisions\/3780"}],"wp:attachment":[{"href":"https:\/\/www.bancoalimentostfe.org\/nueva\/wp-json\/wp\/v2\/media?parent=3779"}],"curies":[{"name":"wp","href":"https:\/\/api.w.org\/{rel}","templated":true}]}}