{"id":4192,"date":"2021-07-11T15:30:50","date_gmt":"2021-07-11T15:30:50","guid":{"rendered":"https:\/\/www.bancoalimentostfe.org\/nueva\/?page_id=4192"},"modified":"2026-01-28T00:13:56","modified_gmt":"2026-01-28T00:13:56","slug":"economica-financiera","status":"publish","type":"page","link":"https:\/\/www.bancoalimentostfe.org\/nueva\/economica-financiera\/","title":{"rendered":"Econ\u00f3mica &#8211; Financiera"},"content":{"rendered":"<div class=\"vce-row-container\" data-vce-boxed-width=\"true\"><div class=\"vce-row vce-row--col-gap-30 vce-row-equal-height vce-row-content--top\" id=\"el-052fff38\" data-vce-do-apply=\"all el-052fff38\"><div class=\"vce-row-content\" data-vce-element-content=\"true\"><div class=\"vce-col vce-col--md-auto vce-col--xs-1 vce-col--xs-last vce-col--xs-first vce-col--sm-last vce-col--sm-first vce-col--md-last vce-col--lg-last vce-col--xl-last vce-col--md-first vce-col--lg-first vce-col--xl-first\" id=\"el-8c1e48cf\"><div class=\"vce-col-inner\" data-vce-do-apply=\"border margin background  el-8c1e48cf\"><div class=\"vce-col-content\" data-vce-element-content=\"true\" data-vce-do-apply=\"padding el-8c1e48cf\"><div class=\"vce-text-block\"><div class=\"vce-text-block-wrapper vce\" id=\"el-dad6b39d\" data-vce-do-apply=\"all el-dad6b39d\"><p><div class=\"arconix-toggle-wrap\"><div class=\"arconix-toggle-title toggle-closed\"><i class='fa fa-plus-square'><\/i>Cuentas Anuales y Memorias Econ\u00f3micas<\/div><div class=\"arconix-toggle-content\"><ul><li><a href=\"https:\/\/www.bancoalimentostfe.org\/nueva\/wp-content\/uploads\/2021\/07\/CUENTAS_ANUALES_2019.pdf\" target=\"_blank\" rel=\"noopener\">2019<\/a>\u2013 Fecha de revisi\u00f3n 06\/07\/2022<\/li><li><a href=\"https:\/\/www.bancoalimentostfe.org\/nueva\/wp-content\/uploads\/2021\/07\/CUENTAS_ANUALES_2020.pdf\" target=\"_blank\" rel=\"noopener\">2020<\/a> \u2013 Fecha de revisi\u00f3n 06\/07\/2022<\/li><li><a href=\"https:\/\/www.bancoalimentostfe.org\/nueva\/wp-content\/uploads\/2024\/05\/CTAS-ANUALES-2022.pdf\" target=\"_blank\" rel=\"noopener\">2021<\/a> \u2013 Fecha de revisi\u00f3n 06\/07\/2022<\/li><li><a href=\"https:\/\/www.bancoalimentostfe.org\/nueva\/wp-content\/uploads\/2024\/07\/CTAS ANUALES 2021.odt.odt\" target=\"_blank\" rel=\"noopener\" data-wplink-url-error=\"true\">2021(ODT)<\/a> \u2013 Fecha de revisi\u00f3n 06\/07\/2022<\/li><li><a href=\"https:\/\/www.bancoalimentostfe.org\/nueva\/wp-content\/uploads\/2022\/07\/INFORME%20AUDITORIA%20FIRMADO%20EJERCICIO%202021.pdf\" target=\"_blank\" rel=\"noopener\">2022<\/a> \u2013 Fecha de revisi\u00f3n 28\/05\/2024<\/li><li><a href=\"https:\/\/www.bancoalimentostfe.org\/nueva\/wp-content\/uploads\/2024\/07\/CTAS%20ANUALES%202022.odt.odt\" target=\"_blank\" rel=\"noopener\">2022(ODT)<\/a> \u2013 Fecha de revisi\u00f3n 28\/05\/2024<\/li><li><a href=\"https:\/\/bancoalimentostfe.org\/nueva\/wp-content\/uploads\/2024\/05\/CTAS%20ANUALES%202023.pdf\" target=\"_blank\" rel=\"noopener\">2023<\/a> \u2013 Fecha de revisi\u00f3n 28\/05\/2024<\/li><li><a href=\"https:\/\/www.bancoalimentostfe.org\/nueva\/wp-content\/uploads\/2024\/07\/CTAS%20ANUALES%202023.odt.odt\" target=\"_blank\" rel=\"noopener\">2023(ODT)<\/a> \u2013 Fecha de revisi\u00f3n 28\/05\/2024<\/li><\/ul><ul><li><a href=\"https:\/\/www.bancoalimentostfe.org\/nueva\/wp-content\/uploads\/2021\/07\/MEMORIA-2019.pdf\" target=\"_blank\" rel=\"noopener\">Memoria econ\u00f3mica 2019<\/a> \u2013 Fecha de revisi\u00f3n 06\/07\/2022<\/li><li><a href=\"https:\/\/www.bancoalimentostfe.org\/nueva\/wp-content\/uploads\/2024\/07\/MEMORIA-ANUAL-2019.odt\" target=\"_blank\" rel=\"noopener\">Memoria econ\u00f3mica 2019(ODT)<\/a> \u2013 Fecha de revisi\u00f3n 06\/07\/2022<\/li><li><a href=\"https:\/\/www.bancoalimentostfe.org\/nueva\/wp-content\/uploads\/2021\/07\/MEMORIA-2020.pdf\" target=\"_blank\" rel=\"noopener\">Memoria econ\u00f3mica 2020<\/a> \u2013 Fecha de revisi\u00f3n 06\/07\/2022<\/li><li><a href=\"https:\/\/www.bancoalimentostfe.org\/nueva\/wp-content\/uploads\/2024\/07\/MEMORIA-ANUAL-2020.odt\" target=\"_blank\" rel=\"noopener\">Memoria econ\u00f3mica 2020(ODT)<\/a> \u2013 Fecha de revisi\u00f3n 06\/07\/2022<\/li><li><a href=\"https:\/\/bancoalimentostfe.org\/nueva\/wp-content\/uploads\/2024\/05\/CTAS%20ANUALES%202021.pdf\" target=\"_blank\" rel=\"noopener\">Memoria econ\u00f3mica 2021<\/a> \u2013 Fecha de revisi\u00f3n 28\/05\/2024<\/li><li><a href=\"https:\/\/www.bancoalimentostfe.org\/nueva\/wp-content\/uploads\/2024\/07\/MEMORIA ANUAL 2021.odt\" target=\"_blank\" rel=\"noopener\" data-wplink-url-error=\"true\">Memoria econ\u00f3mica 2021(ODT)<\/a> \u2013 Fecha de revisi\u00f3n 28\/05\/2024<\/li><li><a href=\"https:\/\/bancoalimentostfe.org\/nueva\/wp-content\/uploads\/2024\/05\/CTAS-ANUALES-2022.pdf\" target=\"_blank\" rel=\"noopener\">Memoria econ\u00f3mica 2022<\/a> \u2013 Fecha de revisi\u00f3n 28\/05\/2024<\/li><li><a href=\"https:\/\/www.bancoalimentostfe.org\/nueva\/wp-content\/uploads\/2024\/07\/MEMORIA-ANUAL-2022.odt\" target=\"_blank\" rel=\"noopener\">Memoria econ\u00f3mica 2022(ODT)<\/a> \u2013 Fecha de revisi\u00f3n 28\/05\/2024<\/li><li><a href=\"https:\/\/bancoalimentostfe.org\/nueva\/wp-content\/uploads\/2024\/05\/CTAS%20ANUALES%202023.pdf\" target=\"_blank\" rel=\"noopener\">Memoria econ\u00f3mica 2023<\/a> \u2013 Fecha de revisi\u00f3n 28\/05\/2024<\/li><li><a href=\"https:\/\/www.bancoalimentostfe.org\/nueva\/wp-content\/uploads\/2024\/07\/MEMORIA-ANUAL-2023.odt\" target=\"_blank\" rel=\"noopener\">Memoria econ\u00f3mica 2023(ODT)<\/a> \u2013 Fecha de revisi\u00f3n 28\/05\/2024<\/li><li><a href=\"https:\/\/bancoalimentostfe.org\/nueva\/wp-content\/uploads\/2026\/01\/3.1-MEMORIA-AUDITORIA-CUENTAS-ANUALES-2024.pdf\" target=\"_blank\" rel=\"noopener\">Memoria econ\u00f3mica 2024<\/a> \u2013 Fecha de revisi\u00f3n 17\/11\/2025<\/li><li><a href=\"https:\/\/www.bancoalimentostfe.org\/nueva\/wp-content\/uploads\/2026\/01\/Informe-Auditoria-ASOC.-BANCO-ALIMENTOS-2024.odt\" target=\"_blank\" rel=\"noopener\">Memoria econ\u00f3mica 2024(ODT)<\/a> \u2013 Fecha de revisi\u00f3n 17\/11\/2025<\/li><li><a href=\"https:\/\/www.bancoalimentostfe.org\/nueva\/wp-content\/uploads\/2026\/01\/Balance-de-PYG-2024-modelo-normal-1.pdf\" target=\"_blank\" rel=\"noopener\">Balance de PYG 2024 (modelo normal)<\/a>&nbsp;\u2013 Fecha de revisi\u00f3n 17\/01\/2026<\/li><li><a href=\"https:\/\/www.bancoalimentostfe.org\/nueva\/wp-content\/uploads\/2026\/01\/Balance-de-PYG-2024-modelo-normal-1.odt\" target=\"_blank\" rel=\"noopener\">Balance de PYG 2024 (modelo normal) (ODT)<\/a>&nbsp;\u2013 Fecha de revisi\u00f3n 17\/01\/2026<\/li><li><a href=\"https:\/\/www.bancoalimentostfe.org\/nueva\/wp-content\/uploads\/2026\/01\/Balance-de-situacion-2024-modelo-normal.pdf\" target=\"_blank\" rel=\"noopener\">Balance de situaci\u00f3n 2024 (modelo normal)<\/a>&nbsp;\u2013 Fecha de revisi\u00f3n 17\/01\/2026<\/li><li><a href=\"https:\/\/www.bancoalimentostfe.org\/nueva\/wp-content\/uploads\/2026\/01\/Balance-de-situacion-2024-modelo-normal.odt\" target=\"_blank\" rel=\"noopener\">Balance de situaci\u00f3n 2024 (modelo normal) (ODT)<\/a>&nbsp;\u2013 Fecha de revisi\u00f3n 17\/01\/2026<\/li><\/ul><\/div><\/div><\/p><p><div class=\"arconix-toggle-wrap\"><div class=\"arconix-toggle-title toggle-closed\"><i class='fa fa-plus-square'><\/i>Presupuestos<\/div><div class=\"arconix-toggle-content\"><ul><li><a href=\"https:\/\/www.bancoalimentostfe.org\/nueva\/wp-content\/uploads\/2021\/07\/PRESUPUESTO-EJERCICIO-2020-FIRMADO.pdf\" target=\"_blank\" rel=\"noopener\">2020<\/a> \u2013 Fecha de revisi\u00f3n 06\/07\/2022<\/li><li><a href=\"https:\/\/www.bancoalimentostfe.org\/nueva\/wp-content\/uploads\/2021\/07\/Presupuesto-2021.pdf\" target=\"_blank\" rel=\"noopener\">2021<\/a>\u2013 Fecha de revisi\u00f3n 06\/07\/2022<\/li><li><a href=\"https:\/\/www.bancoalimentostfe.org\/nueva\/wp-content\/uploads\/2022\/07\/Presupuestos-2022.pdf\" target=\"_blank\" rel=\"noopener\">2022<\/a>\u2013 Fecha de revisi\u00f3n 06\/07\/2022<\/li><li><a href=\"https:\/\/bancoalimentostfe.org\/nueva\/wp-content\/uploads\/2024\/05\/PRESUPUESTO%202023.pdf\" target=\"_blank\" rel=\"noopener\">2023<\/a>\u2013 Fecha de revisi\u00f3n 28\/05\/2024<\/li><li><a href=\"https:\/\/www.bancoalimentostfe.org\/nueva\/wp-content\/uploads\/2024\/07\/PRESUPUESTO-2023-firmado.odt.odt\" target=\"_blank\" rel=\"noopener\">2023(ODT)<\/a>\u2013 Fecha de revisi\u00f3n 28\/05\/2024<\/li><li><a href=\"https:\/\/bancoalimentostfe.org\/nueva\/wp-content\/uploads\/2024\/05\/PRESUPUESTO%202024.pdf\" target=\"_blank\" rel=\"noopener\">2024<\/a>\u2013 Fecha de revisi\u00f3n 28\/05\/2024<\/li><li><a href=\"https:\/\/www.bancoalimentostfe.org\/nueva\/wp-content\/uploads\/2024\/07\/PRESUPUESTO-2024-firmado.odt.odt\" target=\"_blank\" rel=\"noopener\">2024(ODT)<\/a>\u2013 Fecha de revisi\u00f3n 28\/05\/2024<\/li><li><a href=\"https:\/\/www.bancoalimentostfe.org\/nueva\/wp-content\/uploads\/2025\/11\/3.2-PRESUPUESTO-2025.pdf\" target=\"_blank\" rel=\"noopener\">2025<\/a>\u2013 Fecha de revisi\u00f3n 17\/11\/2025<\/li><li><a href=\"https:\/\/www.bancoalimentostfe.org\/nueva\/wp-content\/uploads\/2025\/11\/3.3-PRESUPUESTO-2025.odt\" target=\"_blank\" rel=\"noopener\">2025(ODT)<\/a>\u2013 Fecha de revisi\u00f3n 17\/11\/2025<\/li><\/ul><\/div><\/div><br><div class=\"arconix-toggle-wrap\"><div class=\"arconix-toggle-title toggle-closed\"><i class='fa fa-plus-square'><\/i>Retribuciones<\/div><div class=\"arconix-toggle-content\"><p>La entidad Banco de Alimentos de Tenerife, Bancoteide, se rige por la Ley 4\/2003, de 28 de febrero, de Asociaciones de Canarias, por sus estatutos y por los acuerdos adoptados v\u00e1lidamente por sus \u00f3rganos de gobierno, de conformidad con la normativa vigente.<br>De acuerdo con lo dispuesto en la citada Ley y en los estatutos de la entidad, la Junta Directiva es el \u00f3rgano de representaci\u00f3n, administraci\u00f3n y gesti\u00f3n de la asociaci\u00f3n. Le corresponde la direcci\u00f3n ordinaria de la entidad y la ejecuci\u00f3n de los acuerdos adoptados por la Asamblea General, dentro del \u00e1mbito de sus competencias.<\/p><p>En coherencia con el car\u00e1cter no lucrativo de la asociaci\u00f3n y conforme a los principios recogidos en la Ley de Asociaciones de Canarias, los cargos que integran la Junta Directiva se desempe\u00f1an de manera voluntaria.<\/p><p>Las personas miembros de la Junta Directiva no perciben retribuci\u00f3n econ\u00f3mica alguna por el ejercicio de las funciones propias de su cargo, ni dietas ni compensaciones, sin perjuicio de la posible compensaci\u00f3n de gastos debidamente justificados, en los t\u00e9rminos que, en su caso, se prevean estatutariamente.<\/p><ul><li><a href=\"https:\/\/www.bancoalimentostfe.org\/nueva\/wp-content\/uploads\/2026\/01\/RETRIBUCIONES.pdf\" target=\"_blank\" rel=\"noopener\">Retribuciones<\/a>\u2013 Fecha de revisi\u00f3n 17\/01\/2026<\/li><li><a href=\"https:\/\/www.bancoalimentostfe.org\/nueva\/wp-content\/uploads\/2026\/01\/RETRIBUCIONES.odt\" target=\"_blank\" rel=\"noopener\">Retribuciones (ODT)<\/a>\u2013 Fecha de revisi\u00f3n 17\/01\/2026<\/li><li>&nbsp;<\/li><\/ul><\/div><\/div><\/p><\/div><\/div><\/div><\/div><\/div><\/div><\/div><\/div>\n","protected":false},"excerpt":{"rendered":"","protected":false},"author":1,"featured_media":0,"parent":0,"menu_order":0,"comment_status":"closed","ping_status":"closed","template":"","meta":{"footnotes":""},"class_list":["post-4192","page","type-page","status-publish","hentry"],"_links":{"self":[{"href":"https:\/\/www.bancoalimentostfe.org\/nueva\/wp-json\/wp\/v2\/pages\/4192","targetHints":{"allow":["GET"]}}],"collection":[{"href":"https:\/\/www.bancoalimentostfe.org\/nueva\/wp-json\/wp\/v2\/pages"}],"about":[{"href":"https:\/\/www.bancoalimentostfe.org\/nueva\/wp-json\/wp\/v2\/types\/page"}],"author":[{"embeddable":true,"href":"https:\/\/www.bancoalimentostfe.org\/nueva\/wp-json\/wp\/v2\/users\/1"}],"replies":[{"embeddable":true,"href":"https:\/\/www.bancoalimentostfe.org\/nueva\/wp-json\/wp\/v2\/comments?post=4192"}],"version-history":[{"count":25,"href":"https:\/\/www.bancoalimentostfe.org\/nueva\/wp-json\/wp\/v2\/pages\/4192\/revisions"}],"predecessor-version":[{"id":4697,"href":"https:\/\/www.bancoalimentostfe.org\/nueva\/wp-json\/wp\/v2\/pages\/4192\/revisions\/4697"}],"wp:attachment":[{"href":"https:\/\/www.bancoalimentostfe.org\/nueva\/wp-json\/wp\/v2\/media?parent=4192"}],"curies":[{"name":"wp","href":"https:\/\/api.w.org\/{rel}","templated":true}]}}